{"id":42,"date":"2024-04-09T13:02:54","date_gmt":"2024-04-09T13:02:54","guid":{"rendered":"https:\/\/tmgguard.ro\/?page_id=42"},"modified":"2024-04-09T19:07:32","modified_gmt":"2024-04-09T19:07:32","slug":"avize-si-certificari","status":"publish","type":"page","link":"https:\/\/tmgguard.ro\/index.php\/avize-si-certificari\/","title":{"rendered":"Avize si Certificari"},"content":{"rendered":"\n<p>Firma&nbsp;<strong>S.C. TMG GUARD S.R.L.<\/strong>&nbsp;este \u00eenregistrat\u0103 la Oficiul Registrului Comer\u0163ului de pe l\u00e2ng\u0103 Tribunalul Gorj,<\/p>\n\n\n\n<ul class=\"wp-block-list\">\n<li>Certificat de \u00eenmatriculare J18\/76\/2016<\/li>\n\n\n\n<li>Cod fiscal RO 35469698<\/li>\n\n\n\n<li>Sediul social &#8211; T\u00e2rgu-Jiu, strada Lalelelor, nr. 3B, jude\u0163 Gorj,<\/li>\n\n\n\n<li>Punct de lucru &#8211; T\u00e2rgu-Jiu, Strada Narciselor, Nr. 133, Judet Gorj.<\/li>\n<\/ul>\n\n\n\n<p><a href=\"\/documente\/Licenta_TMG_Guard_2019.pdf\">Licen\u0163a de func\u0163ionare 2761\/P\/2016, eliberata de I.G.P.R.<\/a><\/p>\n\n\n\n<p><a href=\"\/documente\/Aviz_Dispecerat.pdf\">AVIZUL \u201eDispeceratului zonal de monitorizare a sistemelor de alarm\u0103 pe linie telefonic\u0103 \u015fi frecven\u0163\u0103 GSM\/GPRS\u201d, aviz nr. 728258\/17.02.2017, avizat\u0103 de M.Ad.I., I.G.P.R., I.P.J. Gorj<\/a><\/p>\n\n\n\n<p><strong>S.C. TMG GUARD S.R.L.<\/strong>&nbsp;a implementat legislatia \u00een vigoare de potec\u0163ie a informa\u0163iilor clasificate, respectiv: Legea 182\/2002 privind protec\u0163ia informa\u0163iilor clasificate fiind avizata de Autoritatea Desemnata de Securitate &#8211; Serviciul Roman de Informatii pentru activitatea cu asfel de date si inforamatii in relatiile cu colaboratorii si beneficiarii.<\/p>\n\n\n\n<p>De\u0163inem sistemele de management al calitatii&nbsp;<a href=\"\/documente\/ISO_2020.pdf\">ISO 9001, ISO 14001, ISO 18001, ISO \/IEC 27001:2005 si BS 7499:2013<\/a>.<\/p>\n\n\n\n<p><strong>Societatea mai detine in domeniul FORMARII PROFESIONALE:<\/strong><\/p>\n\n\n\n<ul class=\"wp-block-list\">\n<li><strong>Autorizatie formare profesionala<\/strong>&nbsp;seria GJ, nr. 000497\/07.02.2017 pentru calificarea&nbsp;<strong>\u201eAgent de securitate\u201d<\/strong>&nbsp;cod NC 5169.1.3 cu nr. ordine in Registrul national al furnizorilor de formare profesionala a adultilor 18\/14\/07.02.2017<\/li>\n\n\n\n<li><strong>Autorizatie formare profesionala<\/strong>&nbsp;seria GJ, nr.000498\/07.02.2017 pentru calificarea&nbsp;<strong>\u201eDispecer centru de alarma\u201d<\/strong>&nbsp;cod COR 541408 Registrul national al furnizorilor de formare profesionala a adultilor 18\/14\/07.02.2017, eliberate de Consiliul National de Formare Profesionala a Adultilor &#8211; Comisia de Autorizare a furnizorilor de de formare profesionala<\/li>\n\n\n\n<li>A<strong>utorizatie formare profesionala<\/strong>&nbsp;nr. 46\/07.03.2024 pentru calificarea&nbsp;<strong>\u201eINSTRUCTOR IN POLIGONUL DE TRAGERE\u201d<\/strong>&nbsp;cod RNCP RO\/03\/1014\/202, eliberata de Consiliul National de Formare Profesionala a Adultilor &#8211; Comisia de Autorizare a furnizorilor de de formare profesionala a Judetului Gorj<\/li>\n\n\n\n<li><strong>Autorizare organizare si desfasurare curs de initiere si pregatire pe linie de arme si munitii<\/strong>&nbsp;eliberata de M.Ad.I &#8211; IPJ Gorj serie AC nr 1396 eliberata la data de 16.03.2017 cu nr. 267249<\/li>\n<\/ul>\n\n\n\n<p><strong>Societatea mai detine AUTORIZATIE DE FOLOSIRE ARME SI MUNITII LETALE.<\/strong><\/p>\n\n\n\n<p><strong>S.C. TMG GUARD S.R.L.<\/strong>\u00a0detine Polita de asigurare raspundere civila a societatii de paza si protectie, prin care se despagubeste beneficiarul serviciilor de paza executate de TMG Guard in cazuri de pagube sau prejudicii de care se fac vinovati angajatii prestatorului.<\/p>\n","protected":false},"excerpt":{"rendered":"<p>Firma&nbsp;S.C. TMG GUARD S.R.L.&nbsp;este \u00eenregistrat\u0103 la Oficiul Registrului Comer\u0163ului de pe l\u00e2ng\u0103 Tribunalul Gorj, Licen\u0163a de func\u0163ionare 2761\/P\/2016, eliberata de I.G.P.R. AVIZUL \u201eDispeceratului zonal de monitorizare a sistemelor de alarm\u0103 pe linie telefonic\u0103 \u015fi frecven\u0163\u0103 GSM\/GPRS\u201d, aviz nr. 728258\/17.02.2017, avizat\u0103 de M.Ad.I., I.G.P.R., I.P.J. Gorj S.C. TMG GUARD S.R.L.&nbsp;a implementat legislatia \u00een vigoare de potec\u0163ie [&hellip;]<\/p>\n","protected":false},"author":1,"featured_media":0,"parent":0,"menu_order":3,"comment_status":"closed","ping_status":"closed","template":"","meta":{"footnotes":""},"class_list":["post-42","page","type-page","status-publish","hentry"],"_links":{"self":[{"href":"https:\/\/tmgguard.ro\/index.php\/wp-json\/wp\/v2\/pages\/42","targetHints":{"allow":["GET"]}}],"collection":[{"href":"https:\/\/tmgguard.ro\/index.php\/wp-json\/wp\/v2\/pages"}],"about":[{"href":"https:\/\/tmgguard.ro\/index.php\/wp-json\/wp\/v2\/types\/page"}],"author":[{"embeddable":true,"href":"https:\/\/tmgguard.ro\/index.php\/wp-json\/wp\/v2\/users\/1"}],"replies":[{"embeddable":true,"href":"https:\/\/tmgguard.ro\/index.php\/wp-json\/wp\/v2\/comments?post=42"}],"version-history":[{"count":2,"href":"https:\/\/tmgguard.ro\/index.php\/wp-json\/wp\/v2\/pages\/42\/revisions"}],"predecessor-version":[{"id":81,"href":"https:\/\/tmgguard.ro\/index.php\/wp-json\/wp\/v2\/pages\/42\/revisions\/81"}],"wp:attachment":[{"href":"https:\/\/tmgguard.ro\/index.php\/wp-json\/wp\/v2\/media?parent=42"}],"curies":[{"name":"wp","href":"https:\/\/api.w.org\/{rel}","templated":true}]}}